?
-311
In base 2, what is -1110010000101 - 1101101?
-1110011110010
In base 13, what is -1a48a + -1?
-1a48b
In base 13, what is c01b + -6?
c015
In base 14, what is -62 - 53b?
-59d
In base 13, what is 5 + 4194?
4199
In base 16, what is -5 + 180b4?
180af
In base 11, what is 252 + -82?
180
In base 15, what is 11 - 71cc?
-71bb
In base 11, what is 90a7 + 8?
9104
In base 4, what is -20 + 13123321?
13123301
In base 16, what is -87d2 + -4?
-87d6
In base 4, what is 11 + 2133023?
2133100
In base 13, what is -acac + 3?
-aca9
In base 7, what is -343156 - -2?
-343154
In base 3, what is 11222101010 + -1?
11222101002
In base 11, what is -79 - -105?
37
In base 4, what is -3213 + -31?
-3310
In base 15, what is be + b64?
c33
In base 12, what is 15 + -970a?
-96b5
In base 11, what is -8322 + -23?
-8345
In base 12, what is 58 - 82?
-26
In base 12, what is -80b837 + 3?
-80b834
In base 14, what is -3174 + 7a?
-30d8
In base 16, what is -42dfb + -5?
-42e00
In base 15, what is 7 - -219e?
21a6
In base 10, what is -19 - -242839?
242820
In base 4, what is 132121031 - -20?
132121111
In base 9, what is -3 + -63551?
-63554
In base 3, what is -10 - 20210100?
-20210110
In base 2, what is -100000111001 + -10000010?
-100010111011
In base 2, what is -1001011100 - -1010100?
-1000001000
In base 9, what is 1325 - 63?
1252
In base 16, what is -f - -a8?
99
In base 16, what is 2 - 1382?
-1380
In base 13, what is 2 + -6a88?
-6a86
In base 13, what is -2cc697 - 4?
-2cc69b
In base 14, what is 34cd - 4?
34c9
In base 12, what is -10 + 155921?
155911
In base 4, what is 11 + 3223100?
3223111
In base 4, what is 1 - 2121312?
-2121311
In base 14, what is 96 - -199?
251
In base 5, what is -410 - 4003?
-4413
In base 15, what is 4 - 1439d7?
-1439d3
In base 12, what is 1 + -21083?
-21082
In base 15, what is e71 - -1b?
e8c
In base 7, what is 2462305 - 4?
2462301
In base 5, what is 333110 + -1?
333104
In base 6, what is -402003 - 0?
-402003
In base 10, what is 5 + -33207?
-33202
In base 4, what is 11032 + 10312?
22010
In base 3, what is 112100111 + 20?
112100201
In base 7, what is -2660 - 12?
-3002
In base 10, what is -53590 + 1?
-53589
In base 10, what is 2209 + -5?
2204
In base 2, what is -10001010111101010 + -1?
-10001010111101011
In base 4, what is 131 - 2202?
-2011
In base 5, what is -12013302 - 10?
-12013312
In base 9, what is 1 + 532585?
532586
In base 14, what is -29 - 4d41?
-4d6a
In base 10, what is 0 + -2100?
-2100
In base 9, what is -572 + 362?
-210
In base 11, what is 123950a + -4?
1239506
In base 13, what is -414 + -974?
-1088
In base 5, what is 44 - -11024?
11123
In base 11, what is 204071 + -1?
204070
In base 8, what is -1 + -1434513?
-1434514
In base 14, what is 254 - -571?
7c5
In base 9, what is 20634 - 26?
20607
In base 7, what is 1126 + 14141?
15300
In base 12, what is -3a5 - -218?
-189
In base 15, what is -ca4a + 5?
-ca45
In base 2, what is 100 + -1011000111001010?
-1011000111000110
In base 6, what is -1 - 253030?
-253031
In base 12, what is -4 + 14138?
14134
In base 4, what is 3 - -313121322?
313121331
In base 9, what is 1 + -246726?
-246725
In base 6, what is 34 + 13532?
14010
In base 12, what is -36 - -1730a?
17294
In base 10, what is -46 + -40746?
-40792
In base 8, what is 251311 + -6?
251303
In base 15, what is 893865 - 2?
893863
In base 8, what is -620 - 46?
-666
In base 6, what is 4 - -22551?
22555
In base 7, what is 0 - -3146313?
3146313
In base 4, what is -113 + -1032003?
-1032122
In base 7, what is -211031 - -131?
-210600
In base 15, what is 5 + 1602?
1607
In base 3, what is 221222020 - 2010?
221220010
In base 6, what is 140002 + -2023?
133535
In base 4, what is -21322232 - -1?
-21322231
In base 15, what is 1 - -16edc?
16edd
In base 11, what is 5 + -46948?
-46943
In base 6, what is -10144150 + -5?
-10144155
In base 10, what is 1 - 5615?
-5614
In base 13, what is -8 + -5a83?
-5a8b
In base 2, what is 1001011 + 1011110010110?
1011111100001
In base 4, what is -1122 + -1133?
-2321
In base 2, what is 110101101 - 11001?
110010100
In base 10, what is -12 + -937?
-949
In base 8, what is -224520 + -66?
-224606
In base 6, what is -5 - -522230?
522221
In base 2, what is -11101011 - 0?
-11101011
In base 12, what is 2a6a1 - -3?
2a6a4
In base 9, what is -55 - -120?
54
In base 9, what is -241 + 647?
406
In base 4, what is -10 + 11303313?
11303303
In base 9, what is 6473 + 17?
6501
In base 14, what is -8 + -1db1?
-1db9
In base 14, what is -b2 - -742?
670
In base 7, what is -2004602 - 5?
-2004610
In base 13, what is -3 + -3676?
-3679
In base 9, what is 152 - -111?
263
In base 6, what is -4 + 522452?
522444
In base 13, what is 4 - -92751?
92755
In base 10, what is 169 - 491?
-322
In base 10, what is 60657 + -6?
60651
In base 2, what is -100000111 + -1001111?
-101010110
In base 10, what is 1260234 - -4?
1260238
In base 4, what is -11320 - 112?
-12032
In base 12, what is -10 - 11807?
-11817
In base 14, what is 16b3 - -23?
16d6
In base 15, what is -23 - 1b0?
-1d3
In base 16, what is -421d - c?
-4229
In base 4, what is -121 - 221020?
-221201
In base 9, what is -51 - 22346?
-22407
In base 5, what is 311100 - -221?
311321
In base 4, what is -122 - 22300?
-23022
In base 4, what is 2 - -3131102020?
3131102022
In base 5, what is 1002321 - 4?
1002312
In base 9, what is 14 + 31337?
31352
In base 10, what is 19802 + 0?
19802
In base 7, what is -451 - 143?
-624
In base 12, what is -373 - -b4?
-27b
In base 6, what is -1 + 2104445?
2104444
In base 7, what is 3135 - -1026?
4164
In base 4, what is -102 - 223110331?
-223111033
In base 2, what is 101101101101 + 10111001011?
1000100111000
In base 3, what is -112111210 - 2?
-112111212
In base 14, what is b353 - -5?
b358
In base 7, what is 420266 + -6?
420260
In base 9, what is 13 + 4434?
4447
In base 16, what is -32e + d?
-321
In base 16, what is 3edb + 0?
3edb
In base 15, what is 3 - 2b94?
-2b91
In base 9, what is 11680867 + 3?
11680871
In base 3, what is -1221121 + -2000?
-2000121
In base 2, what is -101 - -100110101101110?
100110101101001
In base 13, what is -2999 + 5c?
-293a
In base 15, what is 6 + -876b?
-8765
In base 6, what is -2041 + 212?
-1425
In base 6, what is -4 - -110405?
110401
In base 5, what is 24141121 - 10?
24141111
In base 2, what is -10101 + 1100111000?
1100100011
In base 5, what is 243 - -12340?
13133
In base 5, what is 4 + 1340010?
1340014
In base 15, what is 363a1 + -3?
3639d
In base 13, what is 86968 - 2?
86966
In base 4, what is 2123 + -2010?
113
In base 2, what is -111100101000011 + -11?
-111100101000110
In base 10, what is -16193 - -1?
-16192
In base 13, what is c + 94b?
95a
In base 2, what is 1011100011 + 101100101000?
111000001011
In base 6, what is 3535 - -45015?
52554
In base 8, what is 3300 + 44?
3344
In base 11, what is 1841a01 - 3?
18419a9
In base 5, what is 21 - 32140?
-32114
In base 12, what is 117 + -9?
10a
In base 2, what is 11000000101001 - -100?
11000000101101
In base 11, what is 496 - -1230?
1716
In base 11, what is -360 - -3aa?
4a
In base 9, what is 3426 + -143?
3273
In base 3, what is -202100 - 221022?
-1200122
In base 13, what is -8065c - -10?
-8064c
In base 13, what is -b8 - -96?
-22
In base 4, what is -12331220 - -13?
-12331201
In base 4, what is -32303 + -13013?
-111322
In base 14, what is 1368d2 - -2?
1368d4
In base 2, what is -11010011100110 + -110?
-11010011101100
In base 9, what is -18 + 3145?
3126
In base 10, what is -1 - -8875?
8874
In base 3, what is 11111121012 + 121?
11111121210
In base 4, what is -100021 + 2?
-100013
In base 6, what is -2032323 + 10?
-2032313
In base 11, what is -3 - -577a7?
577a4
In base 7, what is -6 - 41106?
-41115
In base 5, what is 44022014 + -1?
44022013
In base 5, what is 3243104 - 3?
3243101
In base 12, what is -798 + -7?
-7a3
In base 3, what is 2010110 - -11221?
2022101
In base 5, what is 22 + 4310310?
4310332
In base 11, what is -43 + -45554?
-45597
In base 16, what is -a + 1795f?
17955
In base 9, what is 61 - 2085?
-2024
In base 10, what is 508 - -734?
1242
In base 16, what is -90 + d11?
c81
In base 7, what is 6426 - -213?
6642
In base 6, what is -134 + -11400?
-11534
In base 11, what is 1693 - -7?
169a
In base 3, what is -121 + 1112210?
1112012
In base 5, what is 410234423 + 0?
410234423
In base 6, what is 155035 - -23?
155102
In base 8, what is -5 + -7621?
-7626
In base 14